 what is 4 - -d882?
d886
In base 11, what is -51 + 28382?
28331
In base 13, what is -9a12c + 5?
-9a127
In base 7, what is 50213 - 6?
50204
In base 3, what is -11101220001 - -2?
-11101212222
In base 15, what is -3 + -3701?
-3704
In base 9, what is 2848 - 35?
2813
In base 11, what is -62446 - -10?
-62436
In base 2, what is -100001001001101001 + 10?
-100001001001100111
In base 14, what is -2 + 9d0?
9cc
In base 12, what is 384705 + 2?
384707
In base 4, what is 1003203100 + -10?
1003203030
In base 15, what is -52c + -1eb1?
-24dd
In base 2, what is -110110 - 11110101110111010?
-11110101111110000
In base 8, what is -25510 + 1?
-25507
In base 2, what is -10101110000011111 + -101?
-10101110000100100
In base 15, what is c - b93b?
-b92e
In base 8, what is 2102 + 22?
2124
In base 16, what is 1c1 - f8?
c9
In base 12, what is -4 + -91b44?
-91b48
In base 8, what is 52640 - -5?
52645
In base 14, what is 10 + -d0a3?
-d093
In base 13, what is -6574 - 55?
-65c9
In base 4, what is -21 + 212101333?
212101312
In base 4, what is 0 - 11323?
-11323
In base 2, what is -1 + 110010010001100010101?
110010010001100010100
In base 7, what is 235626 - 0?
235626
In base 9, what is 6480 - -5?
6485
In base 13, what is -2 + -4013?
-4015
In base 4, what is -22 + -1132102?
-1132130
In base 15, what is -30a5 - -3?
-30a2
In base 12, what is -66230 - 0?
-66230
In base 5, what is -100314 - -4100?
-41214
In base 5, what is 132114302 - 1?
132114301
In base 9, what is -84 + -4420?
-4514
In base 8, what is -14224157 - -1?
-14224156
In base 10, what is 110214 + -5?
110209
In base 10, what is 5 - 1312626?
-1312621
In base 11, what is -5 + -191?
-196
In base 5, what is 3 - -33034?
33042
In base 14, what is 3301 - -11?
3312
In base 3, what is 11 - -1121200012220?
1121200020001
In base 6, what is 54014 + -14?
54000
In base 6, what is 31 - 200301?
-200230
In base 4, what is 2301 - 11001000?
-10332033
In base 8, what is 5450346 - 0?
5450346
In base 13, what is -30 - 4296?
-42c6
In base 13, what is -1c4c2 + -3?
-1c4c5
In base 6, what is -133300533 - 2?
-133300535
In base 10, what is 864 - -6?
870
In base 2, what is -11100 + 100001010101?
100000111001
In base 14, what is -72 - -594?
522
In base 14, what is -1 + 473c?
473b
In base 9, what is -6 - 334863?
-334870
In base 4, what is 1301331 - -122?
1302113
In base 9, what is -12 - 101821?
-101833
In base 10, what is -53 - 1246?
-1299
In base 6, what is 2 - 2320?
-2314
In base 16, what is -1213 + -13e?
-1351
In base 13, what is -5b4 + 1a?
-597
In base 9, what is -7205 + -12?
-7217
In base 16, what is f36 + 2?
f38
In base 8, what is -4 - -3715?
3711
In base 13, what is -a - 498a?
-4997
In base 4, what is 30020 + -320022?
-230002
In base 3, what is 21 + -12111120?
-12111022
In base 2, what is -10101011110000 - 11001101?
-10101110111101
In base 2, what is 1001111001 + 11001101?
1101000110
In base 8, what is -1 - -1214373?
1214372
In base 3, what is 21111 + -10101?
11010
In base 13, what is 14b90 - -28?
14bb8
In base 12, what is -38 - -636?
5ba
In base 16, what is 7e + -3dd4?
-3d56
In base 7, what is 505 + 5231?
6036
In base 14, what is 5cc7 + 3?
5cca
In base 4, what is 111331013 + 33?
111331112
In base 10, what is 21992 + 106?
22098
In base 7, what is 5 - 120105?
-120100
In base 3, what is 10 - 100202211?
-100202201
In base 8, what is -246745 + -4?
-246751
In base 16, what is 14956 - -b?
14961
In base 5, what is -2122 - 24344?
-32021
In base 6, what is 32 + 42004?
42040
In base 4, what is -321 + -13031310?
-13032231
In base 5, what is 0 - 322232?
-322232
In base 5, what is -101402134 + -10?
-101402144
In base 6, what is 12011 - 215?
11352
In base 2, what is -1000100010111010100 - -101?
-1000100010111001111
In base 10, what is -474 + 931?
457
In base 10, what is -4 - 443619?
-443623
In base 5, what is 2 + 321303?
321310
In base 12, what is 3 + 72959?
72960
In base 9, what is 57 - -36584?
36652
In base 7, what is -1 + -1453026?
-1453030
In base 12, what is 16770 - 1?
1676b
In base 8, what is 3 + 1110?
1113
In base 4, what is 1 - 1021302330?
-1021302323
In base 14, what is -157a - 14?
-1590
In base 9, what is -116137 + -2?
-116140
In base 15, what is -a45 - -c?
-a38
In base 2, what is 110011110110010 - 11?
110011110101111
In base 12, what is 18 + 7b?
97
In base 11, what is 3 + 29885?
29888
In base 3, what is -222202 - 2211120?
-10211022
In base 9, what is -262045 - 4?
-262050
In base 5, what is -134231 + -10?
-134241
In base 3, what is 1 + 120012221110?
120012221111
In base 8, what is -3 + 502215?
502212
In base 5, what is -30404 + -22?
-30431
In base 7, what is -424 - -66?
-325
In base 14, what is -442 - 45?
-487
In base 8, what is -27220 + -4?
-27224
In base 14, what is -164ba8 + -1?
-164ba9
In base 10, what is 1156 + 2055?
3211
In base 6, what is -1 - -220245?
220244
In base 13, what is -84252 - 1?
-84253
In base 9, what is -2315554 - 2?
-2315556
In base 4, what is -1313 + -2321?
-10300
In base 3, what is 2022 - -101011?
110110
In base 10, what is -965 + 183?
-782
In base 16, what is 33b - eb?
250
In base 8, what is 47567 + -6?
47561
In base 2, what is -1100001111 - 1111110?
-1110001101
In base 9, what is 1 + 175034?
175035
In base 8, what is -36014 - -5?
-36007
In base 8, what is 41566 + 2?
41570
In base 10, what is -47 + -309?
-356
In base 9, what is 4 - -137384?
137388
In base 14, what is -330157 - 2?
-330159
In base 10, what is 11568 - 2?
11566
In base 15, what is -c9 - -23c?
163
In base 9, what is 87 - 610?
-512
In base 11, what is a889 - 0?
a889
In base 15, what is 2 - 71124?
-71122
In base 2, what is -100 + 11001100111111111?
11001100111111011
In base 5, what is 33231 - 23?
33203
In base 16, what is -583b - 5?
-5840
In base 4, what is 2 + 113231203?
113231211
In base 5, what is 14423 - 1?
14422
In base 4, what is -320100 + 123?
-313311
In base 11, what is -6 - -175627?
175621
In base 7, what is -4 + -1060346?
-1060353
In base 8, what is -74 + 51403?
51307
In base 10, what is -1160653 - 3?
-1160656
In base 14, what is -53 + -77c6?
-7839
In base 2, what is -100000100 - -11011000?
-101100
In base 12, what is -a249 - 58?
-a2a5
In base 11, what is -629 + -748?
-1276
In base 13, what is 156 + 103?
259
In base 8, what is -264746 + 4?
-264742
In base 7, what is -3 + 253441?
253435
In base 11, what is -89 + 216?
138
In base 5, what is 2 - -2231244?
2231301
In base 7, what is 3 + 3231162?
3231165
In base 8, what is -1 + -23751?
-23752
In base 12, what is -b + 6a?
5b
In base 14, what is -6 + -9a33?
-9a39
In base 15, what is -18 + e623?
e60a
In base 6, what is -242 + -5015?
-5301
In base 12, what is 3 - -4140?
4143
In base 14, what is 1135 + -29?
110a
In base 6, what is -412553 + 1?
-412552
In base 2, what is -110011 - -101010100011?
101001110000
In base 14, what is 1dd63 - 1?
1dd62
In base 11, what is 2 - 1613?
-1611
In base 7, what is 1001301 - 2?
1001266
In base 12, what is -31b68 - -3?
-31b65
In base 13, what is -1b - 2ca1?
-2cbc
In base 14, what is 2b92 - -d?
2ba1
In base 14, what is -1 + 50cc?
50cb
In base 11, what is 356 + 180?
526
In base 7, what is 6 + -602506?
-602500
In base 15, what is 51ab + -1?
51aa
In base 8, what is 0 - 15405?
-15405
In base 7, what is -153202 + 23?
-153146
In base 4, what is 2 - 11202333?
-11202331
In base 13, what is 1 - -2662?
2663
In base 14, what is 18968 + -1?
18967
In base 12, what is -19b7 + -1?
-19b8
In base 5, what is 2022414 + 4?
2022423
In base 12, what is -10 + 2378?
2368
In base 6, what is 51 - 21253?
-21202
In base 10, what is -414280 - -2?
-414278
In base 4, what is -2022221 - -112?
-2022103
In base 14, what is b6893 - -3?
b6896
In base 3, what is -12 - 10221120221?
-10221121010
In base 2, what is -1111 + -10101010011?
-10101100010
In base 8, what is 0 - -106206?
106206
In base 14, what is 27c0 - -12?
27d2
In base 8, what is -1113231 - -5?
-1113224
In base 10, what is -1428 + 14?
-1414
In base 7, what is 4505600 - -1?
4505601
In base 16, what is -16f - -4b7?
348
In base 10, what is 1 + -4667?
-4666
In base 5, what is -10 - -200210?
200200
In base 8, what is -3 + 710347?
710344
In base 5, what is 411 + 203?
1114
In base 15, what is e7 + 4a81?
4b78
In base 6, what is -10 - -122512?
122502
In base 10, what is 1446 + -2?
1444
In base 2, what is 10101100110010100 - -1011?
10101100110011111
In base 14, what is 10